{"id":4012,"date":"2026-04-01T15:16:37","date_gmt":"2026-04-01T13:16:37","guid":{"rendered":"https:\/\/umkd.uniza.sk\/?page_id=4012"},"modified":"2026-04-02T21:30:16","modified_gmt":"2026-04-02T19:30:16","slug":"uspesni-absolventi","status":"publish","type":"page","link":"https:\/\/umkd.uniza.sk\/?page_id=4012","title":{"rendered":"\u00daspe\u0161n\u00ed absolventi"},"content":{"rendered":"<section class=\"l-section wpb_row height_auto width_full\"><div class=\"l-section-h i-cf\"><div class=\"g-cols vc_row via_grid cols_1 laptops-cols_inherit tablets-cols_inherit mobiles-cols_1 valign_top type_default stacking_default\"><div class=\"wpb_column vc_column_container\"><div class=\"vc_column-inner\"><section class=\"l-section wpb_row us_custom_d9f2040e height_medium width_full\"><div class=\"l-section-overlay\" style=\"background:rgba(0,0,0,0.25)\"><\/div><div class=\"l-section-h i-cf\"><div class=\"g-cols vc_row via_grid cols_1 laptops-cols_inherit tablets-cols_inherit mobiles-cols_1 valign_top type_default stacking_default\"><div class=\"wpb_column vc_column_container\"><div class=\"vc_column-inner\"><div class=\"w-separator size_small\"><\/div><h1 class=\"w-post-elm post_title us_custom_6df4bc3a has_text_color align_center entry-title color_link_inherit\">\u00daspe\u0161n\u00ed absolventi<\/h1><div class=\"w-separator size_small\"><\/div><\/div><\/div><\/div><\/div><\/section>\n<\/div><\/div><\/div><\/div><\/section><section class=\"l-section wpb_row height_medium\"><div class=\"l-section-h i-cf\"><div class=\"g-cols vc_row via_grid cols_4 laptops-cols_inherit tablets-cols_inherit mobiles-cols_1 valign_top type_default stacking_default\"><div class=\"wpb_column vc_column_container\"><div class=\"vc_column-inner\"><div class=\"w-image us_custom_0f8f44b7 align_none\"><div url class=\"w-image-h\"><img decoding=\"async\" width=\"500\" height=\"500\" data-src=\"https:\/\/umkd.uniza.sk\/wp-content\/uploads\/2026\/04\/n_benkova_photo.jpg\" class=\"attachment-large size-large lazyload\" alt=\"\" data-srcset=\"https:\/\/umkd.uniza.sk\/wp-content\/uploads\/2026\/04\/n_benkova_photo.jpg 500w, https:\/\/umkd.uniza.sk\/wp-content\/uploads\/2026\/04\/n_benkova_photo-300x300.jpg 300w, https:\/\/umkd.uniza.sk\/wp-content\/uploads\/2026\/04\/n_benkova_photo-150x150.jpg 150w\" data-sizes=\"(max-width: 500px) 100vw, 500px\" src=\"data:image\/svg+xml;base64,PHN2ZyB3aWR0aD0iMSIgaGVpZ2h0PSIxIiB4bWxucz0iaHR0cDovL3d3dy53My5vcmcvMjAwMC9zdmciPjwvc3ZnPg==\" style=\"--smush-placeholder-width: 500px; --smush-placeholder-aspect-ratio: 500\/500;\" \/><\/div><\/div><div class=\"wpb_text_column\"><div class=\"wpb_wrapper\"><p>Mgr. <strong>Nikola Benkov\u00e1<br \/>\n<\/strong>grafick\u00e1 dizajn\u00e9rka, Frontend QA Tester \/ Graphic Designer<br \/>\n<a href=\"mailto:benkova.nikola@yahoo.com\">benkova.nikola@yahoo.com<\/a><\/p>\n<\/div><\/div><div class=\"w-image us_custom_0f8f44b7 align_none\"><div url class=\"w-image-h\"><img decoding=\"async\" width=\"500\" height=\"500\" data-src=\"https:\/\/umkd.uniza.sk\/wp-content\/uploads\/2026\/04\/m_konecny_photo.jpg\" class=\"attachment-large size-large lazyload\" alt=\"\" data-srcset=\"https:\/\/umkd.uniza.sk\/wp-content\/uploads\/2026\/04\/m_konecny_photo.jpg 500w, https:\/\/umkd.uniza.sk\/wp-content\/uploads\/2026\/04\/m_konecny_photo-300x300.jpg 300w, https:\/\/umkd.uniza.sk\/wp-content\/uploads\/2026\/04\/m_konecny_photo-150x150.jpg 150w\" data-sizes=\"(max-width: 500px) 100vw, 500px\" src=\"data:image\/svg+xml;base64,PHN2ZyB3aWR0aD0iMSIgaGVpZ2h0PSIxIiB4bWxucz0iaHR0cDovL3d3dy53My5vcmcvMjAwMC9zdmciPjwvc3ZnPg==\" style=\"--smush-placeholder-width: 500px; --smush-placeholder-aspect-ratio: 500\/500;\" \/><\/div><\/div><div class=\"wpb_text_column\"><div class=\"wpb_wrapper\"><p>Mgr.<strong> Maro\u0161 Kone\u010dn\u00fd<br \/>\n<\/strong>Riadite\u013e Univerzitnej kni\u017enice UNIZA<br \/>\n<a href=\"mailto:maros.konecny@ukzu.uniza.sk\">maros.konecny@ukzu.uniza.sk<\/a><\/p>\n<\/div><\/div><div class=\"w-image us_custom_0f8f44b7 align_none\"><div url class=\"w-image-h\"><img decoding=\"async\" width=\"500\" height=\"500\" data-src=\"https:\/\/umkd.uniza.sk\/wp-content\/uploads\/2026\/04\/j_marcinova_photo.jpg\" class=\"attachment-large size-large lazyload\" alt=\"\" data-srcset=\"https:\/\/umkd.uniza.sk\/wp-content\/uploads\/2026\/04\/j_marcinova_photo.jpg 500w, https:\/\/umkd.uniza.sk\/wp-content\/uploads\/2026\/04\/j_marcinova_photo-300x300.jpg 300w, https:\/\/umkd.uniza.sk\/wp-content\/uploads\/2026\/04\/j_marcinova_photo-150x150.jpg 150w\" data-sizes=\"(max-width: 500px) 100vw, 500px\" src=\"data:image\/svg+xml;base64,PHN2ZyB3aWR0aD0iMSIgaGVpZ2h0PSIxIiB4bWxucz0iaHR0cDovL3d3dy53My5vcmcvMjAwMC9zdmciPjwvc3ZnPg==\" style=\"--smush-placeholder-width: 500px; --smush-placeholder-aspect-ratio: 500\/500;\" \/><\/div><\/div><div class=\"wpb_text_column\"><div class=\"wpb_wrapper\"><p>PhDr. <strong>J\u00falia Marcinov\u00e1<\/strong>, PhD.<strong><br \/>\n<\/strong>Riadite\u013eka Krajsk\u00e9ho kult\u00farneho strediska v \u017diline<br \/>\n<a href=\"mailto:julia.marcinova@vuczilina.sk\">julia.marcinova@vuczilina.sk<\/a><\/p>\n<\/div><\/div><div class=\"w-image us_custom_0f8f44b7 align_none\"><div url class=\"w-image-h\"><img decoding=\"async\" width=\"500\" height=\"500\" data-src=\"https:\/\/umkd.uniza.sk\/wp-content\/uploads\/2026\/04\/l_strasikova_photo.png\" class=\"attachment-large size-large lazyload\" alt=\"\" data-srcset=\"https:\/\/umkd.uniza.sk\/wp-content\/uploads\/2026\/04\/l_strasikova_photo.png 500w, https:\/\/umkd.uniza.sk\/wp-content\/uploads\/2026\/04\/l_strasikova_photo-300x300.png 300w, https:\/\/umkd.uniza.sk\/wp-content\/uploads\/2026\/04\/l_strasikova_photo-150x150.png 150w\" data-sizes=\"(max-width: 500px) 100vw, 500px\" src=\"data:image\/svg+xml;base64,PHN2ZyB3aWR0aD0iMSIgaGVpZ2h0PSIxIiB4bWxucz0iaHR0cDovL3d3dy53My5vcmcvMjAwMC9zdmciPjwvc3ZnPg==\" style=\"--smush-placeholder-width: 500px; --smush-placeholder-aspect-ratio: 500\/500;\" \/><\/div><\/div><div class=\"wpb_text_column\"><div class=\"wpb_wrapper\"><p>Bc. <strong>Lenka Stra\u0161\u00edkov\u00e1<br \/>\n<\/strong>Teamleader a Recruiting Consultant, QSXL Data Driven Sourcing<br \/>\n<a href=\"mailto:strasikova.lenka@gmail.com\">strasikova.lenka@gmail.com<\/a><\/p>\n<\/div><\/div><\/div><\/div><div class=\"wpb_column vc_column_container\"><div class=\"vc_column-inner\"><div class=\"w-image us_custom_0f8f44b7 align_none\"><div url class=\"w-image-h\"><img decoding=\"async\" width=\"500\" height=\"500\" data-src=\"https:\/\/umkd.uniza.sk\/wp-content\/uploads\/2026\/04\/l_brodansky_photo.jpg\" class=\"attachment-large size-large lazyload\" alt=\"\" data-srcset=\"https:\/\/umkd.uniza.sk\/wp-content\/uploads\/2026\/04\/l_brodansky_photo.jpg 500w, https:\/\/umkd.uniza.sk\/wp-content\/uploads\/2026\/04\/l_brodansky_photo-300x300.jpg 300w, https:\/\/umkd.uniza.sk\/wp-content\/uploads\/2026\/04\/l_brodansky_photo-150x150.jpg 150w\" data-sizes=\"(max-width: 500px) 100vw, 500px\" src=\"data:image\/svg+xml;base64,PHN2ZyB3aWR0aD0iMSIgaGVpZ2h0PSIxIiB4bWxucz0iaHR0cDovL3d3dy53My5vcmcvMjAwMC9zdmciPjwvc3ZnPg==\" style=\"--smush-placeholder-width: 500px; --smush-placeholder-aspect-ratio: 500\/500;\" \/><\/div><\/div><div class=\"wpb_text_column\"><div class=\"wpb_wrapper\"><p>Mgr. <strong>Luk\u00e1\u0161 Brodansk\u00fd<br \/>\n<\/strong>Sales &amp; marketing manager Tatry mountain resorts, a. s.<br \/>\n<a href=\"mailto:brodansky.lukas@gmail.com\">brodansky.lukas@gmail.com<\/a><\/p>\n<\/div><\/div><div class=\"w-image us_custom_0f8f44b7 align_none\"><div url class=\"w-image-h\"><img decoding=\"async\" width=\"500\" height=\"500\" data-src=\"https:\/\/umkd.uniza.sk\/wp-content\/uploads\/2026\/04\/d_litvova_photo.jpg\" class=\"attachment-large size-large lazyload\" alt=\"\" data-srcset=\"https:\/\/umkd.uniza.sk\/wp-content\/uploads\/2026\/04\/d_litvova_photo.jpg 500w, https:\/\/umkd.uniza.sk\/wp-content\/uploads\/2026\/04\/d_litvova_photo-300x300.jpg 300w, https:\/\/umkd.uniza.sk\/wp-content\/uploads\/2026\/04\/d_litvova_photo-150x150.jpg 150w\" data-sizes=\"(max-width: 500px) 100vw, 500px\" src=\"data:image\/svg+xml;base64,PHN2ZyB3aWR0aD0iMSIgaGVpZ2h0PSIxIiB4bWxucz0iaHR0cDovL3d3dy53My5vcmcvMjAwMC9zdmciPjwvc3ZnPg==\" style=\"--smush-placeholder-width: 500px; --smush-placeholder-aspect-ratio: 500\/500;\" \/><\/div><\/div><div class=\"wpb_text_column\"><div class=\"wpb_wrapper\"><p>PhDr.<strong> Du\u0161ana Litvov\u00e1<br \/>\n<\/strong>Mestsk\u00e1 kni\u017enica Kysuck\u00e9 Nov\u00e9 Mesto, ved\u00faca kni\u017enice<br \/>\n<a href=\"mailto:dusana.litvova@kysuckenovemesto.sk\">dusana.litvova@kysuckenovemesto.sk<\/a><\/p>\n<\/div><\/div><div class=\"w-image us_custom_0f8f44b7 align_none\"><div url class=\"w-image-h\"><img decoding=\"async\" width=\"500\" height=\"500\" data-src=\"https:\/\/umkd.uniza.sk\/wp-content\/uploads\/2026\/04\/j_necedova_photo.jpg\" class=\"attachment-large size-large lazyload\" alt=\"\" data-srcset=\"https:\/\/umkd.uniza.sk\/wp-content\/uploads\/2026\/04\/j_necedova_photo.jpg 500w, https:\/\/umkd.uniza.sk\/wp-content\/uploads\/2026\/04\/j_necedova_photo-300x300.jpg 300w, https:\/\/umkd.uniza.sk\/wp-content\/uploads\/2026\/04\/j_necedova_photo-150x150.jpg 150w\" data-sizes=\"(max-width: 500px) 100vw, 500px\" src=\"data:image\/svg+xml;base64,PHN2ZyB3aWR0aD0iMSIgaGVpZ2h0PSIxIiB4bWxucz0iaHR0cDovL3d3dy53My5vcmcvMjAwMC9zdmciPjwvc3ZnPg==\" style=\"--smush-placeholder-width: 500px; --smush-placeholder-aspect-ratio: 500\/500;\" \/><\/div><\/div><div class=\"wpb_text_column\"><div class=\"wpb_wrapper\"><p>Mgr. <strong>Jana Ne\u010dedov\u00e1<br \/>\n<\/strong>Z\u00e1stupky\u0148a riadite\u013eky \u0161koly, Gymn\u00e1zium J. M. Hurbana v \u010cadci<br \/>\n<a href=\"mailto:necedova.jana@gymcadca.eu\">necedova.jana@gymcadca.eu<\/a><\/p>\n<\/div><\/div><div class=\"w-image us_custom_0f8f44b7 align_none\"><div url class=\"w-image-h\"><img decoding=\"async\" width=\"500\" height=\"500\" data-src=\"https:\/\/umkd.uniza.sk\/wp-content\/uploads\/2026\/04\/m_zorko_photo.jpg\" class=\"attachment-large size-large lazyload\" alt=\"\" data-srcset=\"https:\/\/umkd.uniza.sk\/wp-content\/uploads\/2026\/04\/m_zorko_photo.jpg 500w, https:\/\/umkd.uniza.sk\/wp-content\/uploads\/2026\/04\/m_zorko_photo-300x300.jpg 300w, https:\/\/umkd.uniza.sk\/wp-content\/uploads\/2026\/04\/m_zorko_photo-150x150.jpg 150w\" data-sizes=\"(max-width: 500px) 100vw, 500px\" src=\"data:image\/svg+xml;base64,PHN2ZyB3aWR0aD0iMSIgaGVpZ2h0PSIxIiB4bWxucz0iaHR0cDovL3d3dy53My5vcmcvMjAwMC9zdmciPjwvc3ZnPg==\" style=\"--smush-placeholder-width: 500px; --smush-placeholder-aspect-ratio: 500\/500;\" \/><\/div><\/div><div class=\"wpb_text_column\"><div class=\"wpb_wrapper\"><p>Mgr.<strong> Michal Zorko<br \/>\n<\/strong>Softv\u00e9rov\u00fd v\u00fdvoj\u00e1r vo firme msg life Slovakia s.r.o. Bratislava<br \/>\n<a href=\"mailto:zorko.michal@gmail.com\">zorko.michal@gmail.com<\/a><\/p>\n<\/div><\/div><\/div><\/div><div class=\"wpb_column vc_column_container\"><div class=\"vc_column-inner\"><div class=\"w-image us_custom_0f8f44b7 align_none\"><div url class=\"w-image-h\"><img decoding=\"async\" width=\"500\" height=\"500\" data-src=\"https:\/\/umkd.uniza.sk\/wp-content\/uploads\/2026\/04\/d_hancik_photo.jpg\" class=\"attachment-large size-large lazyload\" alt=\"\" data-srcset=\"https:\/\/umkd.uniza.sk\/wp-content\/uploads\/2026\/04\/d_hancik_photo.jpg 500w, https:\/\/umkd.uniza.sk\/wp-content\/uploads\/2026\/04\/d_hancik_photo-300x300.jpg 300w, https:\/\/umkd.uniza.sk\/wp-content\/uploads\/2026\/04\/d_hancik_photo-150x150.jpg 150w\" data-sizes=\"(max-width: 500px) 100vw, 500px\" src=\"data:image\/svg+xml;base64,PHN2ZyB3aWR0aD0iMSIgaGVpZ2h0PSIxIiB4bWxucz0iaHR0cDovL3d3dy53My5vcmcvMjAwMC9zdmciPjwvc3ZnPg==\" style=\"--smush-placeholder-width: 500px; --smush-placeholder-aspect-ratio: 500\/500;\" \/><\/div><\/div><div class=\"wpb_text_column\"><div class=\"wpb_wrapper\"><p>Mgr. <strong>Daniel Han\u010d\u00edk<br \/>\n<\/strong>Riadite\u013e FINAL &#8211; CD premium, s.r.o. v \u017diline<br \/>\n<a href=\"mailto:daniel.hancik@finalcd.sk\">daniel.hancik@finalcd.sk<\/a><\/p>\n<\/div><\/div><div class=\"w-image us_custom_0f8f44b7 align_none\"><div url class=\"w-image-h\"><img decoding=\"async\" width=\"500\" height=\"500\" data-src=\"https:\/\/umkd.uniza.sk\/wp-content\/uploads\/2026\/04\/p_lucansky.jpeg\" class=\"attachment-large size-large lazyload\" alt=\"\" data-srcset=\"https:\/\/umkd.uniza.sk\/wp-content\/uploads\/2026\/04\/p_lucansky.jpeg 500w, https:\/\/umkd.uniza.sk\/wp-content\/uploads\/2026\/04\/p_lucansky-300x300.jpeg 300w, https:\/\/umkd.uniza.sk\/wp-content\/uploads\/2026\/04\/p_lucansky-150x150.jpeg 150w\" data-sizes=\"(max-width: 500px) 100vw, 500px\" src=\"data:image\/svg+xml;base64,PHN2ZyB3aWR0aD0iMSIgaGVpZ2h0PSIxIiB4bWxucz0iaHR0cDovL3d3dy53My5vcmcvMjAwMC9zdmciPjwvc3ZnPg==\" style=\"--smush-placeholder-width: 500px; --smush-placeholder-aspect-ratio: 500\/500;\" \/><\/div><\/div><div class=\"wpb_text_column\"><div class=\"wpb_wrapper\"><p>Mgr.<strong> Patrik Lu\u010dansk\u00fd<br \/>\n<\/strong>Senior UX developer, Oracle Netsuite<br \/>\n<a href=\"mailto:patrik.lucansky@gmail.com\">patrik.lucansky@gmail.com<\/a><\/p>\n<\/div><\/div><div class=\"w-image us_custom_0f8f44b7 align_none\"><div url class=\"w-image-h\"><img decoding=\"async\" width=\"500\" height=\"500\" data-src=\"https:\/\/umkd.uniza.sk\/wp-content\/uploads\/2026\/04\/i_polakova_photo.jpg\" class=\"attachment-large size-large lazyload\" alt=\"\" data-srcset=\"https:\/\/umkd.uniza.sk\/wp-content\/uploads\/2026\/04\/i_polakova_photo.jpg 500w, https:\/\/umkd.uniza.sk\/wp-content\/uploads\/2026\/04\/i_polakova_photo-300x300.jpg 300w, https:\/\/umkd.uniza.sk\/wp-content\/uploads\/2026\/04\/i_polakova_photo-150x150.jpg 150w\" data-sizes=\"(max-width: 500px) 100vw, 500px\" src=\"data:image\/svg+xml;base64,PHN2ZyB3aWR0aD0iMSIgaGVpZ2h0PSIxIiB4bWxucz0iaHR0cDovL3d3dy53My5vcmcvMjAwMC9zdmciPjwvc3ZnPg==\" style=\"--smush-placeholder-width: 500px; --smush-placeholder-aspect-ratio: 500\/500;\" \/><\/div><\/div><div class=\"wpb_text_column\"><div class=\"wpb_wrapper\"><p>Ing. <strong>Ivana Pol\u00e1kov\u00e1<\/strong>, PhD.<strong><br \/>\n<\/strong>Slovensk\u00e1 n\u00e1rodn\u00e1 kni\u017enica, N\u00e1rodn\u00fd biografick\u00fd \u00fastav v\u00a0Martine, ved\u00faca redaktorka lexik\u00e1lnej oblasti Kult\u00fara<br \/>\n<a href=\"mailto:ivanapolakovatarcal@gmail.com\">ivanapolakovatarcal@gmail.com<\/a><\/p>\n<\/div><\/div><div class=\"w-image us_custom_0f8f44b7 align_none\"><div url class=\"w-image-h\"><img decoding=\"async\" width=\"500\" height=\"500\" data-src=\"https:\/\/umkd.uniza.sk\/wp-content\/uploads\/2026\/04\/k_withalm.jpg\" class=\"attachment-large size-large lazyload\" alt=\"\" data-srcset=\"https:\/\/umkd.uniza.sk\/wp-content\/uploads\/2026\/04\/k_withalm.jpg 500w, https:\/\/umkd.uniza.sk\/wp-content\/uploads\/2026\/04\/k_withalm-300x300.jpg 300w, https:\/\/umkd.uniza.sk\/wp-content\/uploads\/2026\/04\/k_withalm-150x150.jpg 150w\" data-sizes=\"(max-width: 500px) 100vw, 500px\" src=\"data:image\/svg+xml;base64,PHN2ZyB3aWR0aD0iMSIgaGVpZ2h0PSIxIiB4bWxucz0iaHR0cDovL3d3dy53My5vcmcvMjAwMC9zdmciPjwvc3ZnPg==\" style=\"--smush-placeholder-width: 500px; --smush-placeholder-aspect-ratio: 500\/500;\" \/><\/div><\/div><div class=\"wpb_text_column\"><div class=\"wpb_wrapper\"><p>PhDr.<strong> Kamila Withalm<br \/>\n<\/strong>Expert Learning &amp; Development, OMV Aktiengesellschaft Wien, Rak\u00fasko<br \/>\n<a href=\"mailto:kamila.withalm@gmail.com\">kamila.withalm@gmail.com<\/a><br \/>\n<a href=\"https:\/\/at.linkedin.com\/in\/kamila-withalm-6a0aa0b0\" target=\"_blank\" rel=\"noopener\">https:\/\/at.linkedin.com\/in\/kamila-withalm-6a0aa0b0<\/a><\/p>\n<\/div><\/div><\/div><\/div><div class=\"wpb_column vc_column_container\"><div class=\"vc_column-inner\"><div class=\"w-image us_custom_0f8f44b7 align_none\"><div url class=\"w-image-h\"><img decoding=\"async\" width=\"500\" height=\"500\" data-src=\"https:\/\/umkd.uniza.sk\/wp-content\/uploads\/2026\/04\/p_hruska_photo.jpg\" class=\"attachment-large size-large lazyload\" alt=\"\" data-srcset=\"https:\/\/umkd.uniza.sk\/wp-content\/uploads\/2026\/04\/p_hruska_photo.jpg 500w, https:\/\/umkd.uniza.sk\/wp-content\/uploads\/2026\/04\/p_hruska_photo-300x300.jpg 300w, https:\/\/umkd.uniza.sk\/wp-content\/uploads\/2026\/04\/p_hruska_photo-150x150.jpg 150w\" data-sizes=\"(max-width: 500px) 100vw, 500px\" src=\"data:image\/svg+xml;base64,PHN2ZyB3aWR0aD0iMSIgaGVpZ2h0PSIxIiB4bWxucz0iaHR0cDovL3d3dy53My5vcmcvMjAwMC9zdmciPjwvc3ZnPg==\" style=\"--smush-placeholder-width: 500px; --smush-placeholder-aspect-ratio: 500\/500;\" \/><\/div><\/div><div class=\"wpb_text_column\"><div class=\"wpb_wrapper\"><p>PaedDr. <strong>Peter Hru\u0161ka<br \/>\n<\/strong>Stredn\u00e1 \u0161portov\u00e1 \u0161kola, Rosinsk\u00e1 6, \u017dilina, riadite\u013e strednej \u0161koly<br \/>\n<a href=\"mailto:peter.hruska@sportovaskolaza.sk\">peter.hruska@sportovaskolaza.sk<\/a><\/p>\n<\/div><\/div><div class=\"w-image us_custom_0f8f44b7 align_none\"><div url class=\"w-image-h\"><img decoding=\"async\" width=\"500\" height=\"500\" data-src=\"https:\/\/umkd.uniza.sk\/wp-content\/uploads\/2026\/04\/s_mahutova_photo.jpg\" class=\"attachment-large size-large lazyload\" alt=\"\" data-srcset=\"https:\/\/umkd.uniza.sk\/wp-content\/uploads\/2026\/04\/s_mahutova_photo.jpg 500w, https:\/\/umkd.uniza.sk\/wp-content\/uploads\/2026\/04\/s_mahutova_photo-300x300.jpg 300w, https:\/\/umkd.uniza.sk\/wp-content\/uploads\/2026\/04\/s_mahutova_photo-150x150.jpg 150w\" data-sizes=\"(max-width: 500px) 100vw, 500px\" src=\"data:image\/svg+xml;base64,PHN2ZyB3aWR0aD0iMSIgaGVpZ2h0PSIxIiB4bWxucz0iaHR0cDovL3d3dy53My5vcmcvMjAwMC9zdmciPjwvc3ZnPg==\" style=\"--smush-placeholder-width: 500px; --smush-placeholder-aspect-ratio: 500\/500;\" \/><\/div><\/div><div class=\"wpb_text_column\"><div class=\"wpb_wrapper\"><p>Mgr. <strong>Simona Mah\u00fatov\u00e1<br \/>\n<\/strong>Administr\u00e1torka \u0161tipendijn\u00fdch programov, Slovensk\u00e1 akademick\u00e1 informa\u010dn\u00e1 agent\u00fara<br \/>\n<a href=\"mailto:simona.mahutova@saia.sk\">simona.mahutova@saia.sk<\/a><\/p>\n<\/div><\/div><div class=\"w-image us_custom_0f8f44b7 align_none\"><div url class=\"w-image-h\"><img decoding=\"async\" width=\"500\" height=\"500\" data-src=\"https:\/\/umkd.uniza.sk\/wp-content\/uploads\/2026\/04\/m_romancikova_photo.jpg\" class=\"attachment-large size-large lazyload\" alt=\"\" data-srcset=\"https:\/\/umkd.uniza.sk\/wp-content\/uploads\/2026\/04\/m_romancikova_photo.jpg 500w, https:\/\/umkd.uniza.sk\/wp-content\/uploads\/2026\/04\/m_romancikova_photo-300x300.jpg 300w, https:\/\/umkd.uniza.sk\/wp-content\/uploads\/2026\/04\/m_romancikova_photo-150x150.jpg 150w\" data-sizes=\"(max-width: 500px) 100vw, 500px\" src=\"data:image\/svg+xml;base64,PHN2ZyB3aWR0aD0iMSIgaGVpZ2h0PSIxIiB4bWxucz0iaHR0cDovL3d3dy53My5vcmcvMjAwMC9zdmciPjwvc3ZnPg==\" style=\"--smush-placeholder-width: 500px; --smush-placeholder-aspect-ratio: 500\/500;\" \/><\/div><\/div><div class=\"wpb_text_column\"><div class=\"wpb_wrapper\"><p>Mgr. <strong>Martina Roman\u010d\u00edkov\u00e1<br \/>\n<\/strong>Senior Relocation Manager K2 Corporate Mobility, Guildford, United Kingdom<br \/>\n<a href=\"mailto:martina.romancikova82@gmail.com\">martina.romancikova82@gmail.com<\/a><\/p>\n<\/div><\/div><\/div><\/div><\/div><\/div><\/section>\n","protected":false},"excerpt":{"rendered":"\u00daspe\u0161n\u00ed absolventi Mgr. Nikola Benkov\u00e1 grafick\u00e1 dizajn\u00e9rka, Frontend QA Tester \/ Graphic Designer benkova.nikola@yahoo.com Mgr. Maro\u0161 Kone\u010dn\u00fd Riadite\u013e Univerzitnej kni\u017enice UNIZA maros.konecny@ukzu.uniza.sk PhDr. J\u00falia Marcinov\u00e1, PhD. Riadite\u013eka Krajsk\u00e9ho kult\u00farneho strediska...","protected":false},"author":3,"featured_media":0,"parent":0,"menu_order":0,"comment_status":"closed","ping_status":"closed","template":"","meta":{"_acf_changed":false,"footnotes":""},"class_list":["post-4012","page","type-page","status-publish","hentry"],"acf":[],"_links":{"self":[{"href":"https:\/\/umkd.uniza.sk\/index.php?rest_route=\/wp\/v2\/pages\/4012","targetHints":{"allow":["GET"]}}],"collection":[{"href":"https:\/\/umkd.uniza.sk\/index.php?rest_route=\/wp\/v2\/pages"}],"about":[{"href":"https:\/\/umkd.uniza.sk\/index.php?rest_route=\/wp\/v2\/types\/page"}],"author":[{"embeddable":true,"href":"https:\/\/umkd.uniza.sk\/index.php?rest_route=\/wp\/v2\/users\/3"}],"replies":[{"embeddable":true,"href":"https:\/\/umkd.uniza.sk\/index.php?rest_route=%2Fwp%2Fv2%2Fcomments&post=4012"}],"version-history":[{"count":29,"href":"https:\/\/umkd.uniza.sk\/index.php?rest_route=\/wp\/v2\/pages\/4012\/revisions"}],"predecessor-version":[{"id":4064,"href":"https:\/\/umkd.uniza.sk\/index.php?rest_route=\/wp\/v2\/pages\/4012\/revisions\/4064"}],"wp:attachment":[{"href":"https:\/\/umkd.uniza.sk\/index.php?rest_route=%2Fwp%2Fv2%2Fmedia&parent=4012"}],"curies":[{"name":"wp","href":"https:\/\/api.w.org\/{rel}","templated":true}]}}